5
What is the hundred thousands digit of 10835631?
8
What is the tens digit of 178982111?
1
What is the tens digit of 215167884?
8
What is the hundred millions digit of 366564192?
3
What is the units digit of 28519019?
9
What is the tens digit of 2364278501?
0
What is the ten thousands digit of 2134982935?
8
What is the hundreds digit of 174171209?
2
What is the thousands digit of 113367150?
7
What is the ten millions digit of 179342123?
7
What is the hundred thousands digit of 465422960?
4
What is the hundred thousands digit of 11717826?
7
What is the ten millions digit of 2492388156?
9
What is the tens digit of 767339981?
8
What is the units digit of 15423893?
3
What is the hundred thousands digit of 883448062?
4
What is the hundred millions digit of 394078915?
3
What is the units digit of 1137794415?
5
What is the hundreds digit of 505028299?
2
What is the thousands digit of 41041113?
1
What is the tens digit of 2556337772?
7
What is the ten millions digit of 64763851?
6
What is the thousands digit of 23619812?
9
What is the hundred thousands digit of 3600876595?
8
What is the thousands digit of 83305858?
5
What is the hundred thousands digit of 327946610?
9
What is the tens digit of 284949354?
5
What is the tens digit of 124592152?
5
What is the hundred millions digit of 853538861?
8
What is the hundreds digit of 65214033?
0
What is the millions digit of 361692525?
1
What is the thousands digit of 239900069?
0
What is the hundred thousands digit of 1478014101?
0
What is the ten millions digit of 59121025?
5
What is the millions digit of 40397158?
0
What is the ten millions digit of 128171213?
2
What is the hundred millions digit of 1080764256?
0
What is the thousands digit of 4755667?
5
What is the billions digit of 1581702191?
1
What is the thousands digit of 206415?
6
What is the hundreds digit of 15744325?
3
What is the units digit of 1053508504?
4
What is the billions digit of 8889449114?
8
What is the hundreds digit of 59721054?
0
What is the ten millions digit of 38450456?
3
What is the thousands digit of 80887106?
7
What is the tens digit of 680873?
7
What is the thousands digit of 136486781?
6
What is the millions digit of 8118992448?
8
What is the millions digit of 51591939?
1
What is the millions digit of 3073332666?
3
What is the thousands digit of 2917467?
7
What is the ten millions digit of 71225493?
7
What is the millions digit of 160813040?
0
What is the ten millions digit of 629731659?
2
What is the hundred thousands digit of 1464766775?
7
What is the ten millions digit of 132274446?
3
What is the ten thousands digit of 90868702?
6
What is the millions digit of 41600123?
1
What is the hundreds digit of 26228258?
2
What is the ten millions digit of 6578819898?
7
What is the thousands digit of 630175363?
5
What is the millions digit of 2998552830?
8
What is the hundred millions digit of 5701170443?
7
What is the millions digit of 1814664701?
4
What is the hundred millions digit of 215062778?
2
What is the tens digit of 28165179?
7
What is the ten millions digit of 303107653?
0
What is the ten thousands digit of 165984918?
8
What is the tens digit of 150034630?
3
What is the tens digit of 162389751?
5
What is the thousands digit of 1295829225?
9
What is the ten millions digit of 1101602537?
0
What is the millions digit of 162624960?
2
What is the ten millions digit of 1873188477?
7
What is the hundreds digit of 2196244076?
0
What is the millions digit of 5077020888?
7
What is the tens digit of 1539207977?
7
What is the thousands digit of 5260361322?
1
What is the millions digit of 34268127?
4
What is the hundred millions digit of 240435823?
2
What is the tens digit of 8471080678?
7
What is the tens digit of 1863571485?
8
What is the ten millions digit of 346865840?
4
What is the hundred millions digit of 5944065794?
9
What is the hundreds digit of 861179482?
4
What is the thousands digit of 547540146?
0
What is the billions digit of 6194768559?
6
What is the ten millions digit of 375482310?
7
What is the thousands digit of 152452709?
2
What is the ten millions digit of 548058481?
4
What is the hundred millions digit of 1111777786?
1
What is the hundred thousands digit of 2161389423?
3
What is the thousands digit of 41183737?
3
What is the tens digit of 320756923?
2
What is the hundred millions digit of 1071371424?
0
What is the units digit of 645823331?
1
What is the units digit of 272595634?
4
What is the hundreds digit of 2273496?
4
What is the ten millions digit of 168406958?
6
What is the ten thousands digit of 639343237?
4
What is the thousands digit of 217689477?
9
What is the hundreds digit of 3634544136?
1
What is the thousands digit of 29489383?
9
What is the tens digit of 183822243?
4
What is the ten thousands digit of 15964767?
6
What is the millions digit of 1184125726?
4
What is the hundreds digit of 320178368?
3
What is the ten thousands digit of 336045484?
4
What is the millions digit of 4722630?
4
What is the thousands digit of 67313409?
3
What is the hundreds digit of 16845790?
7
What is the ten millions digit of 333605262?
3
What is the hundreds digit of 825625998?
9
What is the units digit of 3380499643?
3
What is the hundred thousands digit of 176602253?
6
What is the tens digit of 3379445282?
8
What is the hundred thousands digit of 69070542?
0
What is the ten thousands digit of 204412535?
1
What is the tens digit of 6374718?
1
What is the hundred thousands digit of 26002424?
0
What is the ten millions digit of 133299058?
3
What is the hundred thousands digit of 4284340189?
3
What is the units digit of 1951599530?
0
What is the hundred millions digit of 232776137?
2
What is the hundreds digit of 35016194?
1
What is the tens digit of 901384324?
2
What is the ten millions digit of 109418971?
0
What is the units digit of 1420333167?
7
What is the units digit of 254088581?
1
What is the units digit of 6301018?
8
What is the hundred thousands digit of 2576806368?
8
What is the hundred thousands digit of 3201296332?
2
What is the ten thousands digit of 5076889?
7
What is the units digit of 34940979?
9
What is the tens digit of 4287010377?
7
What is the tens digit of 199200622?
2
What is the hundreds digit of 261726463?
4
What is the hundred thousands digit of 2582556449?
5
What is the ten millions digit of 473418188?
7
What is the millions digit of 50305558?
0
What is the hundreds digit of 141485816?
8
What is the ten thousands digit of 97088602?
8
What is the hundred thousands digit of 38451659?
4
What is the millions digit of 47268982?
7
What is the hundred thousands digit of 4317354573?
3
What is the thousands digit of 326861304?
1
What is the hundred thousands digit of 45601703?
6
What is the ten millions digit of 551174491?
5
What is the units digit of 1038836382?
2
What is the units digit of 122728253?
3
What is the ten millions digit of 1264411890?
6
What is the millions digit of 803305319?
3
What is the ten thousands digit of 253094658?
9
What is the ten thousands digit of 2330707555?
0
What is the hundred thousands digit of 2377233736?
2
What is the hundreds digit of 64558827?
8
What is the tens digit of 15330438?
3
What is the ten thousands digit of 9865537?
6
What is the units digit of 20473543?
3
What is the thousands digit of 85545902?
5
What is the units digit of 124738359?
9
What is the tens digit of 1971445891?
9
What is the hundred thousands digit of 141721833?
7
What is the units digit of 2093357238?
8
What is the tens digit of 123881523?
2
What is the ten thousands digit of 598747129?
4
What is the thousands digit of 484199882?
9
What is the millions digit of 252664019?
2
What is the hundred thousands digit of 6882290583?
2
What is the ten millions digit of 63216388?
6
What is the tens digit of 792772682?
8
What is the tens digit of 11126260?
6
What is the ten millions digit of 78741365?
7
What is the thousands digit of 578413159?
3
What is the ten millions digit of 203509503?
0
What is the hundred millions digit of 122777408?
1
What is the hundred thousands digit of 491683079?
6
What is the tens digit of 49846907?
0
What is the hundred millions digit of 127947609?
1
What is the ten millions digit of 1540167804?
4
What is the hundred thousands digit of 58467541?
4
What is the hundred mill